{"id":12,"date":"2020-01-16T08:57:29","date_gmt":"2020-01-16T08:57:29","guid":{"rendered":"https:\/\/mirandoacuenca.es\/index.php\/confirmacion-de-reserva\/reserva-confirmada\/"},"modified":"2020-01-16T08:57:29","modified_gmt":"2020-01-16T08:57:29","slug":"reserva-confirmada","status":"publish","type":"page","link":"https:\/\/mirandoacuenca.es\/index.php\/confirmacion-de-reserva\/reserva-confirmada\/","title":{"rendered":"Reserva confirmada"},"content":{"rendered":"<p>We are pleased to inform you that your reservation request has been received and confirmed.<\/p>\n","protected":false},"excerpt":{"rendered":"<p>We are pleased to inform you that your reservation request has been received and confirmed.<\/p>\n","protected":false},"author":1,"featured_media":0,"parent":11,"menu_order":0,"comment_status":"closed","ping_status":"closed","template":"","meta":{"footnotes":""},"yoast_head":"<!-- This site is optimized with the Yoast SEO plugin v22.9 - https:\/\/yoast.com\/wordpress\/plugins\/seo\/ -->\n<title>Reserva confirmada - Alquiler Apartamento Tur\u00edstico Casco hist\u00f3rico de Cuenca<\/title>\n<meta name=\"robots\" content=\"index, follow, max-snippet:-1, max-image-preview:large, max-video-preview:-1\" \/>\n<link rel=\"canonical\" href=\"https:\/\/mirandoacuenca.es\/index.php\/confirmacion-de-reserva\/reserva-confirmada\/\" \/>\n<meta property=\"og:locale\" content=\"es_ES\" \/>\n<meta property=\"og:type\" content=\"article\" \/>\n<meta property=\"og:title\" content=\"Reserva confirmada - Alquiler Apartamento Tur\u00edstico Casco hist\u00f3rico de Cuenca\" \/>\n<meta property=\"og:description\" content=\"We are pleased to inform you that your reservation request has been received and confirmed.\" \/>\n<meta property=\"og:url\" content=\"https:\/\/mirandoacuenca.es\/index.php\/confirmacion-de-reserva\/reserva-confirmada\/\" \/>\n<meta property=\"og:site_name\" content=\"Alquiler Apartamento Tur\u00edstico Casco hist\u00f3rico de Cuenca\" \/>\n<meta name=\"twitter:card\" content=\"summary_large_image\" \/>\n<script type=\"application\/ld+json\" class=\"yoast-schema-graph\">{\"@context\":\"https:\/\/schema.org\",\"@graph\":[{\"@type\":\"WebPage\",\"@id\":\"https:\/\/mirandoacuenca.es\/index.php\/confirmacion-de-reserva\/reserva-confirmada\/\",\"url\":\"https:\/\/mirandoacuenca.es\/index.php\/confirmacion-de-reserva\/reserva-confirmada\/\",\"name\":\"Reserva confirmada - Alquiler Apartamento Tur\u00edstico Casco hist\u00f3rico de Cuenca\",\"isPartOf\":{\"@id\":\"https:\/\/mirandoacuenca.es\/#website\"},\"datePublished\":\"2020-01-16T08:57:29+00:00\",\"dateModified\":\"2020-01-16T08:57:29+00:00\",\"breadcrumb\":{\"@id\":\"https:\/\/mirandoacuenca.es\/index.php\/confirmacion-de-reserva\/reserva-confirmada\/#breadcrumb\"},\"inLanguage\":\"es\",\"potentialAction\":[{\"@type\":\"ReadAction\",\"target\":[\"https:\/\/mirandoacuenca.es\/index.php\/confirmacion-de-reserva\/reserva-confirmada\/\"]}]},{\"@type\":\"BreadcrumbList\",\"@id\":\"https:\/\/mirandoacuenca.es\/index.php\/confirmacion-de-reserva\/reserva-confirmada\/#breadcrumb\",\"itemListElement\":[{\"@type\":\"ListItem\",\"position\":1,\"name\":\"Portada\",\"item\":\"https:\/\/mirandoacuenca.es\/\"},{\"@type\":\"ListItem\",\"position\":2,\"name\":\"Confirmaci\u00f3n de reserva\",\"item\":\"https:\/\/mirandoacuenca.es\/index.php\/confirmacion-de-reserva\/\"},{\"@type\":\"ListItem\",\"position\":3,\"name\":\"Reserva confirmada\"}]},{\"@type\":\"WebSite\",\"@id\":\"https:\/\/mirandoacuenca.es\/#website\",\"url\":\"https:\/\/mirandoacuenca.es\/\",\"name\":\"Alquiler Apartamento Tur\u00edstico Casco hist\u00f3rico de Cuenca\",\"description\":\"Just another WordPreAlquiler Apartamento Tur\u00edstico Casco hist\u00f3rico de Cuenca, Casa de alquiler en el casco antiguo de Cuenca especial para familias, vacaciones, por d\u00edas, alojamiento vacacional para fines de semana, puentes, Casa rural con Encanto y Acogedora, Casa en Plaza San Nicol\u00e1s y cerca de la catedral de Cuenca, las casas colgadas\",\"publisher\":{\"@id\":\"https:\/\/mirandoacuenca.es\/#organization\"},\"potentialAction\":[{\"@type\":\"SearchAction\",\"target\":{\"@type\":\"EntryPoint\",\"urlTemplate\":\"https:\/\/mirandoacuenca.es\/?s={search_term_string}\"},\"query-input\":\"required name=search_term_string\"}],\"inLanguage\":\"es\"},{\"@type\":\"Organization\",\"@id\":\"https:\/\/mirandoacuenca.es\/#organization\",\"name\":\"Alquiler Apartamento Tur\u00edstico Casco hist\u00f3rico de Cuenca\",\"url\":\"https:\/\/mirandoacuenca.es\/\",\"logo\":{\"@type\":\"ImageObject\",\"inLanguage\":\"es\",\"@id\":\"https:\/\/mirandoacuenca.es\/#\/schema\/logo\/image\/\",\"url\":\"https:\/\/mirandoacuenca.es\/wp-content\/uploads\/2020\/01\/cropped-logo-mirando-a-cuenca-negro.redimensionado.png\",\"contentUrl\":\"https:\/\/mirandoacuenca.es\/wp-content\/uploads\/2020\/01\/cropped-logo-mirando-a-cuenca-negro.redimensionado.png\",\"width\":128,\"height\":80,\"caption\":\"Alquiler Apartamento Tur\u00edstico Casco hist\u00f3rico de Cuenca \"},\"image\":{\"@id\":\"https:\/\/mirandoacuenca.es\/#\/schema\/logo\/image\/\"}}]}<\/script>\n<!-- \/ Yoast SEO plugin. -->","yoast_head_json":{"title":"Reserva confirmada - Alquiler Apartamento Tur\u00edstico Casco hist\u00f3rico de Cuenca","robots":{"index":"index","follow":"follow","max-snippet":"max-snippet:-1","max-image-preview":"max-image-preview:large","max-video-preview":"max-video-preview:-1"},"canonical":"https:\/\/mirandoacuenca.es\/index.php\/confirmacion-de-reserva\/reserva-confirmada\/","og_locale":"es_ES","og_type":"article","og_title":"Reserva confirmada - Alquiler Apartamento Tur\u00edstico Casco hist\u00f3rico de Cuenca","og_description":"We are pleased to inform you that your reservation request has been received and confirmed.","og_url":"https:\/\/mirandoacuenca.es\/index.php\/confirmacion-de-reserva\/reserva-confirmada\/","og_site_name":"Alquiler Apartamento Tur\u00edstico Casco hist\u00f3rico de Cuenca","twitter_card":"summary_large_image","schema":{"@context":"https:\/\/schema.org","@graph":[{"@type":"WebPage","@id":"https:\/\/mirandoacuenca.es\/index.php\/confirmacion-de-reserva\/reserva-confirmada\/","url":"https:\/\/mirandoacuenca.es\/index.php\/confirmacion-de-reserva\/reserva-confirmada\/","name":"Reserva confirmada - Alquiler Apartamento Tur\u00edstico Casco hist\u00f3rico de Cuenca","isPartOf":{"@id":"https:\/\/mirandoacuenca.es\/#website"},"datePublished":"2020-01-16T08:57:29+00:00","dateModified":"2020-01-16T08:57:29+00:00","breadcrumb":{"@id":"https:\/\/mirandoacuenca.es\/index.php\/confirmacion-de-reserva\/reserva-confirmada\/#breadcrumb"},"inLanguage":"es","potentialAction":[{"@type":"ReadAction","target":["https:\/\/mirandoacuenca.es\/index.php\/confirmacion-de-reserva\/reserva-confirmada\/"]}]},{"@type":"BreadcrumbList","@id":"https:\/\/mirandoacuenca.es\/index.php\/confirmacion-de-reserva\/reserva-confirmada\/#breadcrumb","itemListElement":[{"@type":"ListItem","position":1,"name":"Portada","item":"https:\/\/mirandoacuenca.es\/"},{"@type":"ListItem","position":2,"name":"Confirmaci\u00f3n de reserva","item":"https:\/\/mirandoacuenca.es\/index.php\/confirmacion-de-reserva\/"},{"@type":"ListItem","position":3,"name":"Reserva confirmada"}]},{"@type":"WebSite","@id":"https:\/\/mirandoacuenca.es\/#website","url":"https:\/\/mirandoacuenca.es\/","name":"Alquiler Apartamento Tur\u00edstico Casco hist\u00f3rico de Cuenca","description":"Just another WordPreAlquiler Apartamento Tur\u00edstico Casco hist\u00f3rico de Cuenca, Casa de alquiler en el casco antiguo de Cuenca especial para familias, vacaciones, por d\u00edas, alojamiento vacacional para fines de semana, puentes, Casa rural con Encanto y Acogedora, Casa en Plaza San Nicol\u00e1s y cerca de la catedral de Cuenca, las casas colgadas","publisher":{"@id":"https:\/\/mirandoacuenca.es\/#organization"},"potentialAction":[{"@type":"SearchAction","target":{"@type":"EntryPoint","urlTemplate":"https:\/\/mirandoacuenca.es\/?s={search_term_string}"},"query-input":"required name=search_term_string"}],"inLanguage":"es"},{"@type":"Organization","@id":"https:\/\/mirandoacuenca.es\/#organization","name":"Alquiler Apartamento Tur\u00edstico Casco hist\u00f3rico de Cuenca","url":"https:\/\/mirandoacuenca.es\/","logo":{"@type":"ImageObject","inLanguage":"es","@id":"https:\/\/mirandoacuenca.es\/#\/schema\/logo\/image\/","url":"https:\/\/mirandoacuenca.es\/wp-content\/uploads\/2020\/01\/cropped-logo-mirando-a-cuenca-negro.redimensionado.png","contentUrl":"https:\/\/mirandoacuenca.es\/wp-content\/uploads\/2020\/01\/cropped-logo-mirando-a-cuenca-negro.redimensionado.png","width":128,"height":80,"caption":"Alquiler Apartamento Tur\u00edstico Casco hist\u00f3rico de Cuenca "},"image":{"@id":"https:\/\/mirandoacuenca.es\/#\/schema\/logo\/image\/"}}]}},"_links":{"self":[{"href":"https:\/\/mirandoacuenca.es\/index.php\/wp-json\/wp\/v2\/pages\/12"}],"collection":[{"href":"https:\/\/mirandoacuenca.es\/index.php\/wp-json\/wp\/v2\/pages"}],"about":[{"href":"https:\/\/mirandoacuenca.es\/index.php\/wp-json\/wp\/v2\/types\/page"}],"author":[{"embeddable":true,"href":"https:\/\/mirandoacuenca.es\/index.php\/wp-json\/wp\/v2\/users\/1"}],"replies":[{"embeddable":true,"href":"https:\/\/mirandoacuenca.es\/index.php\/wp-json\/wp\/v2\/comments?post=12"}],"version-history":[{"count":0,"href":"https:\/\/mirandoacuenca.es\/index.php\/wp-json\/wp\/v2\/pages\/12\/revisions"}],"up":[{"embeddable":true,"href":"https:\/\/mirandoacuenca.es\/index.php\/wp-json\/wp\/v2\/pages\/11"}],"wp:attachment":[{"href":"https:\/\/mirandoacuenca.es\/index.php\/wp-json\/wp\/v2\/media?parent=12"}],"curies":[{"name":"wp","href":"https:\/\/api.w.org\/{rel}","templated":true}]}}

<!-- This site is optimized with the Yoast SEO plugin v22.9 - https://yoast.com/wordpress/plugins/seo/ -->
<title>Reserva confirmada - Alquiler Apartamento Turístico Casco histórico de Cuenca</title>
<meta name="robots" content="index, follow, max-snippet:-1, max-image-preview:large, max-video-preview:-1" />
<link rel="canonical" href="https://mirandoacuenca.es/index.php/confirmacion-de-reserva/reserva-confirmada/" />
<meta property="og:locale" content="es_ES" />
<meta property="og:type" content="article" />
<meta property="og:title" content="Reserva confirmada - Alquiler Apartamento Turístico Casco histórico de Cuenca" />
<meta property="og:description" content="We are pleased to inform you that your reservation request has been received and confirmed." />
<meta property="og:url" content="https://mirandoacuenca.es/index.php/confirmacion-de-reserva/reserva-confirmada/" />
<meta property="og:site_name" content="Alquiler Apartamento Turístico Casco histórico de Cuenca" />
<meta name="twitter:card" content="summary_large_image" />
<script type="application/ld+json" class="yoast-schema-graph">{"@context":"https://schema.org","@graph":[{"@type":"WebPage","@id":"https://mirandoacuenca.es/index.php/confirmacion-de-reserva/reserva-confirmada/","url":"https://mirandoacuenca.es/index.php/confirmacion-de-reserva/reserva-confirmada/","name":"Reserva confirmada - Alquiler Apartamento Turístico Casco histórico de Cuenca","isPartOf":{"@id":"https://mirandoacuenca.es/#website"},"datePublished":"2020-01-16T08:57:29+00:00","dateModified":"2020-01-16T08:57:29+00:00","breadcrumb":{"@id":"https://mirandoacuenca.es/index.php/confirmacion-de-reserva/reserva-confirmada/#breadcrumb"},"inLanguage":"es","potentialAction":[{"@type":"ReadAction","target":["https://mirandoacuenca.es/index.php/confirmacion-de-reserva/reserva-confirmada/"]}]},{"@type":"BreadcrumbList","@id":"https://mirandoacuenca.es/index.php/confirmacion-de-reserva/reserva-confirmada/#breadcrumb","itemListElement":[{"@type":"ListItem","position":1,"name":"Portada","item":"https://mirandoacuenca.es/"},{"@type":"ListItem","position":2,"name":"Confirmación de reserva","item":"https://mirandoacuenca.es/index.php/confirmacion-de-reserva/"},{"@type":"ListItem","position":3,"name":"Reserva confirmada"}]},{"@type":"WebSite","@id":"https://mirandoacuenca.es/#website","url":"https://mirandoacuenca.es/","name":"Alquiler Apartamento Turístico Casco histórico de Cuenca","description":"Just another WordPreAlquiler Apartamento Turístico Casco histórico de Cuenca, Casa de alquiler en el casco antiguo de Cuenca especial para familias, vacaciones, por días, alojamiento vacacional para fines de semana, puentes, Casa rural con Encanto y Acogedora, Casa en Plaza San Nicolás y cerca de la catedral de Cuenca, las casas colgadas","publisher":{"@id":"https://mirandoacuenca.es/#organization"},"potentialAction":[{"@type":"SearchAction","target":{"@type":"EntryPoint","urlTemplate":"https://mirandoacuenca.es/?s={search_term_string}"},"query-input":"required name=search_term_string"}],"inLanguage":"es"},{"@type":"Organization","@id":"https://mirandoacuenca.es/#organization","name":"Alquiler Apartamento Turístico Casco histórico de Cuenca","url":"https://mirandoacuenca.es/","logo":{"@type":"ImageObject","inLanguage":"es","@id":"https://mirandoacuenca.es/#/schema/logo/image/","url":"https://mirandoacuenca.es/wp-content/uploads/2020/01/cropped-logo-mirando-a-cuenca-negro.redimensionado.png","contentUrl":"https://mirandoacuenca.es/wp-content/uploads/2020/01/cropped-logo-mirando-a-cuenca-negro.redimensionado.png","width":128,"height":80,"caption":"Alquiler Apartamento Turístico Casco histórico de Cuenca "},"image":{"@id":"https://mirandoacuenca.es/#/schema/logo/image/"}}]}</script>
<!-- / Yoast SEO plugin. -->

Reserva confirmada - Alquiler Apartamento Turístico Casco histórico de Cuenca

Alquiler Apartamento Turístico Casco histórico de Cuenca

Confirmación de reserva

Just another WordPreAlquiler Apartamento Turístico Casco histórico de Cuenca, Casa de alquiler en el casco antiguo de Cuenca especial para familias, vacaciones, por días, alojamiento vacacional para fines de semana, puentes, Casa rural con Encanto y Acogedora, Casa en Plaza San Nicolás y cerca de la catedral de Cuenca, las casas colgadas
