{"id":5209,"date":"2022-11-19T22:02:06","date_gmt":"2022-11-19T22:02:06","guid":{"rendered":"https:\/\/mirandoacuenca.es\/index.php\/cancelacion-de-reserva\/"},"modified":"2022-11-19T22:02:06","modified_gmt":"2022-11-19T22:02:06","slug":"cancelacion-de-reserva","status":"publish","type":"page","link":"https:\/\/mirandoacuenca.es\/index.php\/cancelacion-de-reserva\/","title":{"rendered":"Cancelaci\u00f3n de reserva"},"content":{"rendered":"<div class=\"mphb_sc_booking_confirmation\"><\/div>\n","protected":false},"excerpt":{"rendered":"","protected":false},"author":0,"featured_media":0,"parent":0,"menu_order":0,"comment_status":"closed","ping_status":"closed","template":"","meta":{"footnotes":""},"yoast_head":"<!-- This site is optimized with the Yoast SEO plugin v22.9 - https:\/\/yoast.com\/wordpress\/plugins\/seo\/ -->\n<title>Cancelaci\u00f3n de reserva - Alquiler Apartamento Tur\u00edstico Casco hist\u00f3rico de Cuenca<\/title>\n<meta name=\"robots\" content=\"index, follow, max-snippet:-1, max-image-preview:large, max-video-preview:-1\" \/>\n<link rel=\"canonical\" href=\"https:\/\/mirandoacuenca.es\/index.php\/cancelacion-de-reserva\/\" \/>\n<meta property=\"og:locale\" content=\"es_ES\" \/>\n<meta property=\"og:type\" content=\"article\" \/>\n<meta property=\"og:title\" content=\"Cancelaci\u00f3n de reserva - Alquiler Apartamento Tur\u00edstico Casco hist\u00f3rico de Cuenca\" \/>\n<meta property=\"og:url\" content=\"https:\/\/mirandoacuenca.es\/index.php\/cancelacion-de-reserva\/\" \/>\n<meta property=\"og:site_name\" content=\"Alquiler Apartamento Tur\u00edstico Casco hist\u00f3rico de Cuenca\" \/>\n<meta name=\"twitter:card\" content=\"summary_large_image\" \/>\n<script type=\"application\/ld+json\" class=\"yoast-schema-graph\">{\"@context\":\"https:\/\/schema.org\",\"@graph\":[{\"@type\":\"WebPage\",\"@id\":\"https:\/\/mirandoacuenca.es\/index.php\/cancelacion-de-reserva\/\",\"url\":\"https:\/\/mirandoacuenca.es\/index.php\/cancelacion-de-reserva\/\",\"name\":\"Cancelaci\u00f3n de reserva - Alquiler Apartamento Tur\u00edstico Casco hist\u00f3rico de Cuenca\",\"isPartOf\":{\"@id\":\"https:\/\/mirandoacuenca.es\/#website\"},\"datePublished\":\"2022-11-19T22:02:06+00:00\",\"dateModified\":\"2022-11-19T22:02:06+00:00\",\"breadcrumb\":{\"@id\":\"https:\/\/mirandoacuenca.es\/index.php\/cancelacion-de-reserva\/#breadcrumb\"},\"inLanguage\":\"es\",\"potentialAction\":[{\"@type\":\"ReadAction\",\"target\":[\"https:\/\/mirandoacuenca.es\/index.php\/cancelacion-de-reserva\/\"]}]},{\"@type\":\"BreadcrumbList\",\"@id\":\"https:\/\/mirandoacuenca.es\/index.php\/cancelacion-de-reserva\/#breadcrumb\",\"itemListElement\":[{\"@type\":\"ListItem\",\"position\":1,\"name\":\"Portada\",\"item\":\"https:\/\/mirandoacuenca.es\/\"},{\"@type\":\"ListItem\",\"position\":2,\"name\":\"Cancelaci\u00f3n de reserva\"}]},{\"@type\":\"WebSite\",\"@id\":\"https:\/\/mirandoacuenca.es\/#website\",\"url\":\"https:\/\/mirandoacuenca.es\/\",\"name\":\"Alquiler Apartamento Tur\u00edstico Casco hist\u00f3rico de Cuenca\",\"description\":\"Just another WordPreAlquiler Apartamento Tur\u00edstico Casco hist\u00f3rico de Cuenca, Casa de alquiler en el casco antiguo de Cuenca especial para familias, vacaciones, por d\u00edas, alojamiento vacacional para fines de semana, puentes, Casa rural con Encanto y Acogedora, Casa en Plaza San Nicol\u00e1s y cerca de la catedral de Cuenca, las casas colgadas\",\"publisher\":{\"@id\":\"https:\/\/mirandoacuenca.es\/#organization\"},\"potentialAction\":[{\"@type\":\"SearchAction\",\"target\":{\"@type\":\"EntryPoint\",\"urlTemplate\":\"https:\/\/mirandoacuenca.es\/?s={search_term_string}\"},\"query-input\":\"required name=search_term_string\"}],\"inLanguage\":\"es\"},{\"@type\":\"Organization\",\"@id\":\"https:\/\/mirandoacuenca.es\/#organization\",\"name\":\"Alquiler Apartamento Tur\u00edstico Casco hist\u00f3rico de Cuenca\",\"url\":\"https:\/\/mirandoacuenca.es\/\",\"logo\":{\"@type\":\"ImageObject\",\"inLanguage\":\"es\",\"@id\":\"https:\/\/mirandoacuenca.es\/#\/schema\/logo\/image\/\",\"url\":\"https:\/\/mirandoacuenca.es\/wp-content\/uploads\/2020\/01\/cropped-logo-mirando-a-cuenca-negro.redimensionado.png\",\"contentUrl\":\"https:\/\/mirandoacuenca.es\/wp-content\/uploads\/2020\/01\/cropped-logo-mirando-a-cuenca-negro.redimensionado.png\",\"width\":128,\"height\":80,\"caption\":\"Alquiler Apartamento Tur\u00edstico Casco hist\u00f3rico de Cuenca \"},\"image\":{\"@id\":\"https:\/\/mirandoacuenca.es\/#\/schema\/logo\/image\/\"}}]}<\/script>\n<!-- \/ Yoast SEO plugin. -->","yoast_head_json":{"title":"Cancelaci\u00f3n de reserva - Alquiler Apartamento Tur\u00edstico Casco hist\u00f3rico de Cuenca","robots":{"index":"index","follow":"follow","max-snippet":"max-snippet:-1","max-image-preview":"max-image-preview:large","max-video-preview":"max-video-preview:-1"},"canonical":"https:\/\/mirandoacuenca.es\/index.php\/cancelacion-de-reserva\/","og_locale":"es_ES","og_type":"article","og_title":"Cancelaci\u00f3n de reserva - Alquiler Apartamento Tur\u00edstico Casco hist\u00f3rico de Cuenca","og_url":"https:\/\/mirandoacuenca.es\/index.php\/cancelacion-de-reserva\/","og_site_name":"Alquiler Apartamento Tur\u00edstico Casco hist\u00f3rico de Cuenca","twitter_card":"summary_large_image","schema":{"@context":"https:\/\/schema.org","@graph":[{"@type":"WebPage","@id":"https:\/\/mirandoacuenca.es\/index.php\/cancelacion-de-reserva\/","url":"https:\/\/mirandoacuenca.es\/index.php\/cancelacion-de-reserva\/","name":"Cancelaci\u00f3n de reserva - Alquiler Apartamento Tur\u00edstico Casco hist\u00f3rico de Cuenca","isPartOf":{"@id":"https:\/\/mirandoacuenca.es\/#website"},"datePublished":"2022-11-19T22:02:06+00:00","dateModified":"2022-11-19T22:02:06+00:00","breadcrumb":{"@id":"https:\/\/mirandoacuenca.es\/index.php\/cancelacion-de-reserva\/#breadcrumb"},"inLanguage":"es","potentialAction":[{"@type":"ReadAction","target":["https:\/\/mirandoacuenca.es\/index.php\/cancelacion-de-reserva\/"]}]},{"@type":"BreadcrumbList","@id":"https:\/\/mirandoacuenca.es\/index.php\/cancelacion-de-reserva\/#breadcrumb","itemListElement":[{"@type":"ListItem","position":1,"name":"Portada","item":"https:\/\/mirandoacuenca.es\/"},{"@type":"ListItem","position":2,"name":"Cancelaci\u00f3n de reserva"}]},{"@type":"WebSite","@id":"https:\/\/mirandoacuenca.es\/#website","url":"https:\/\/mirandoacuenca.es\/","name":"Alquiler Apartamento Tur\u00edstico Casco hist\u00f3rico de Cuenca","description":"Just another WordPreAlquiler Apartamento Tur\u00edstico Casco hist\u00f3rico de Cuenca, Casa de alquiler en el casco antiguo de Cuenca especial para familias, vacaciones, por d\u00edas, alojamiento vacacional para fines de semana, puentes, Casa rural con Encanto y Acogedora, Casa en Plaza San Nicol\u00e1s y cerca de la catedral de Cuenca, las casas colgadas","publisher":{"@id":"https:\/\/mirandoacuenca.es\/#organization"},"potentialAction":[{"@type":"SearchAction","target":{"@type":"EntryPoint","urlTemplate":"https:\/\/mirandoacuenca.es\/?s={search_term_string}"},"query-input":"required name=search_term_string"}],"inLanguage":"es"},{"@type":"Organization","@id":"https:\/\/mirandoacuenca.es\/#organization","name":"Alquiler Apartamento Tur\u00edstico Casco hist\u00f3rico de Cuenca","url":"https:\/\/mirandoacuenca.es\/","logo":{"@type":"ImageObject","inLanguage":"es","@id":"https:\/\/mirandoacuenca.es\/#\/schema\/logo\/image\/","url":"https:\/\/mirandoacuenca.es\/wp-content\/uploads\/2020\/01\/cropped-logo-mirando-a-cuenca-negro.redimensionado.png","contentUrl":"https:\/\/mirandoacuenca.es\/wp-content\/uploads\/2020\/01\/cropped-logo-mirando-a-cuenca-negro.redimensionado.png","width":128,"height":80,"caption":"Alquiler Apartamento Tur\u00edstico Casco hist\u00f3rico de Cuenca "},"image":{"@id":"https:\/\/mirandoacuenca.es\/#\/schema\/logo\/image\/"}}]}},"_links":{"self":[{"href":"https:\/\/mirandoacuenca.es\/index.php\/wp-json\/wp\/v2\/pages\/5209"}],"collection":[{"href":"https:\/\/mirandoacuenca.es\/index.php\/wp-json\/wp\/v2\/pages"}],"about":[{"href":"https:\/\/mirandoacuenca.es\/index.php\/wp-json\/wp\/v2\/types\/page"}],"replies":[{"embeddable":true,"href":"https:\/\/mirandoacuenca.es\/index.php\/wp-json\/wp\/v2\/comments?post=5209"}],"version-history":[{"count":0,"href":"https:\/\/mirandoacuenca.es\/index.php\/wp-json\/wp\/v2\/pages\/5209\/revisions"}],"wp:attachment":[{"href":"https:\/\/mirandoacuenca.es\/index.php\/wp-json\/wp\/v2\/media?parent=5209"}],"curies":[{"name":"wp","href":"https:\/\/api.w.org\/{rel}","templated":true}]}}

Cancelación de reserva

<!-- This site is optimized with the Yoast SEO plugin v22.9 - https://yoast.com/wordpress/plugins/seo/ -->
<title>Cancelación de reserva - Alquiler Apartamento Turístico Casco histórico de Cuenca</title>
<meta name="robots" content="index, follow, max-snippet:-1, max-image-preview:large, max-video-preview:-1" />
<link rel="canonical" href="https://mirandoacuenca.es/index.php/cancelacion-de-reserva/" />
<meta property="og:locale" content="es_ES" />
<meta property="og:type" content="article" />
<meta property="og:title" content="Cancelación de reserva - Alquiler Apartamento Turístico Casco histórico de Cuenca" />
<meta property="og:url" content="https://mirandoacuenca.es/index.php/cancelacion-de-reserva/" />
<meta property="og:site_name" content="Alquiler Apartamento Turístico Casco histórico de Cuenca" />
<meta name="twitter:card" content="summary_large_image" />
<script type="application/ld+json" class="yoast-schema-graph">{"@context":"https://schema.org","@graph":[{"@type":"WebPage","@id":"https://mirandoacuenca.es/index.php/cancelacion-de-reserva/","url":"https://mirandoacuenca.es/index.php/cancelacion-de-reserva/","name":"Cancelación de reserva - Alquiler Apartamento Turístico Casco histórico de Cuenca","isPartOf":{"@id":"https://mirandoacuenca.es/#website"},"datePublished":"2022-11-19T22:02:06+00:00","dateModified":"2022-11-19T22:02:06+00:00","breadcrumb":{"@id":"https://mirandoacuenca.es/index.php/cancelacion-de-reserva/#breadcrumb"},"inLanguage":"es","potentialAction":[{"@type":"ReadAction","target":["https://mirandoacuenca.es/index.php/cancelacion-de-reserva/"]}]},{"@type":"BreadcrumbList","@id":"https://mirandoacuenca.es/index.php/cancelacion-de-reserva/#breadcrumb","itemListElement":[{"@type":"ListItem","position":1,"name":"Portada","item":"https://mirandoacuenca.es/"},{"@type":"ListItem","position":2,"name":"Cancelación de reserva"}]},{"@type":"WebSite","@id":"https://mirandoacuenca.es/#website","url":"https://mirandoacuenca.es/","name":"Alquiler Apartamento Turístico Casco histórico de Cuenca","description":"Just another WordPreAlquiler Apartamento Turístico Casco histórico de Cuenca, Casa de alquiler en el casco antiguo de Cuenca especial para familias, vacaciones, por días, alojamiento vacacional para fines de semana, puentes, Casa rural con Encanto y Acogedora, Casa en Plaza San Nicolás y cerca de la catedral de Cuenca, las casas colgadas","publisher":{"@id":"https://mirandoacuenca.es/#organization"},"potentialAction":[{"@type":"SearchAction","target":{"@type":"EntryPoint","urlTemplate":"https://mirandoacuenca.es/?s={search_term_string}"},"query-input":"required name=search_term_string"}],"inLanguage":"es"},{"@type":"Organization","@id":"https://mirandoacuenca.es/#organization","name":"Alquiler Apartamento Turístico Casco histórico de Cuenca","url":"https://mirandoacuenca.es/","logo":{"@type":"ImageObject","inLanguage":"es","@id":"https://mirandoacuenca.es/#/schema/logo/image/","url":"https://mirandoacuenca.es/wp-content/uploads/2020/01/cropped-logo-mirando-a-cuenca-negro.redimensionado.png","contentUrl":"https://mirandoacuenca.es/wp-content/uploads/2020/01/cropped-logo-mirando-a-cuenca-negro.redimensionado.png","width":128,"height":80,"caption":"Alquiler Apartamento Turístico Casco histórico de Cuenca "},"image":{"@id":"https://mirandoacuenca.es/#/schema/logo/image/"}}]}</script>
<!-- / Yoast SEO plugin. -->

Cancelación de reserva - Alquiler Apartamento Turístico Casco histórico de Cuenca

Alquiler Apartamento Turístico Casco histórico de Cuenca

Just another WordPreAlquiler Apartamento Turístico Casco histórico de Cuenca, Casa de alquiler en el casco antiguo de Cuenca especial para familias, vacaciones, por días, alojamiento vacacional para fines de semana, puentes, Casa rural con Encanto y Acogedora, Casa en Plaza San Nicolás y cerca de la catedral de Cuenca, las casas colgadas
